4 divide 1844?
False
Does 14 divide 3048?
False
Is 616 a multiple of 11?
True
Is 14654 a multiple of 7?
False
Is 71 a factor of 98690?
True
Does 101 divide 3245?
False
Does 8 divide 256?
True
Is 41 a factor of 4100?
True
Is 7 a factor of 391?
False
Is 18 a multiple of 2?
True
Is 22 a factor of 5170?
True
Does 133 divide 24073?
True
Does 7 divide 1127?
True
Is 13744 a multiple of 16?
True
Does 19 divide 858?
False
Is 1526 a multiple of 109?
True
Is 10 a factor of 10482?
False
Is 17 a factor of 964?
False
Is 21 a factor of 27955?
False
Is 87 a factor of 348?
True
Does 19 divide 40371?
False
Is 13 a factor of 473?
False
Does 59 divide 1855?
False
Does 14 divide 868?
True
Does 123 divide 22296?
False
Does 4 divide 6487?
False
Is 2 a factor of 284?
True
Is 5 a factor of 11359?
False
Is 98 a factor of 2940?
True
Is 3 a factor of 1021?
False
Is 5 a factor of 7122?
False
Is 2634 a multiple of 6?
True
Does 6 divide 1745?
False
Is 60 a factor of 1886?
False
Is 8 a factor of 1097?
False
Is 10 a factor of 35660?
True
Does 7 divide 525?
True
Is 139 a factor of 14039?
True
Is 31218 a multiple of 48?
False
Is 1842 a multiple of 27?
False
Is 2331 a multiple of 21?
True
Does 23 divide 322?
True
Is 4481 a multiple of 11?
False
Is 38 a factor of 444?
False
Is 4427 a multiple of 19?
True
Does 67 divide 4979?
False
Is 10554 a multiple of 57?
False
Does 10 divide 5746?
False
Is 799 a multiple of 16?
False
Is 2682 a multiple of 78?
False
Is 70 a factor of 4631?
False
Is 22876 a multiple of 38?
True
Does 3 divide 106?
False
Does 73 divide 10690?
False
Does 8 divide 222?
False
Is 151 a multiple of 2?
False
Is 12 a factor of 2628?
True
Is 860 a multiple of 20?
True
Is 5 a factor of 692?
False
Is 930 a multiple of 10?
True
Does 4 divide 245?
False
Is 26 a factor of 1950?
True
Is 4133 a multiple of 9?
False
Does 10 divide 68162?
False
Does 7 divide 349?
False
Is 174 a multiple of 15?
False
Is 3 a factor of 52?
False
Is 5 a factor of 5115?
True
Is 1328 a multiple of 12?
False
Does 3 divide 6976?
False
Is 1610 a multiple of 7?
True
Is 29 a factor of 1331?
False
Is 74 a factor of 8436?
True
Does 3 divide 140?
False
Is 8682 a multiple of 22?
False
Is 64646 a multiple of 180?
False
Is 9 a factor of 855?
True
Is 131 a factor of 8384?
True
Is 1170 a multiple of 18?
True
Is 902 a multiple of 22?
True
Does 155 divide 32438?
False
Is 611 a multiple of 47?
True
Is 1426 a multiple of 31?
True
Is 549 a multiple of 50?
False
Does 14 divide 3234?
True
Is 91 a factor of 3822?
True
Is 13 a factor of 260?
True
Is 420 a multiple of 30?
True
Is 5 a factor of 144?
False
Is 6793 a multiple of 7?
False
Does 88 divide 3080?
True
Is 281 a multiple of 14?
False
Is 26104 a multiple of 36?
False
Does 6 divide 38754?
True
Does 103 divide 206?
True
Is 357 a factor of 19419?
False
Is 11 a factor of 689?
False
Is 2292 a multiple of 12?
True
Is 12 a factor of 78276?
True
Does 259 divide 37037?
True
Is 3646 a multiple of 50?
False
Does 85 divide 1237?
False
Is 38 a factor of 3133?
False
Does 89 divide 890?
True
Does 6 divide 294?
True
Is 360 a multiple of 8?
True
Does 9 divide 6750?
True
Is 39760 a multiple of 56?
True
Is 12 a factor of 45001?
False
Is 10304 a multiple of 28?
True
Is 18 a factor of 4536?
True
Is 19 a factor of 589?
True
Is 22 a factor of 748?
True
Is 103 a factor of 1077?
False
Is 4 a factor of 7837?
False
Is 7 a factor of 119?
True
Does 43 divide 87591?
True
Is 612 a multiple of 37?
False
Is 17744 a multiple of 3?
False
Is 3570 a multiple of 30?
True
Does 18 divide 76626?
True
Is 22 a factor of 5610?
True
Is 2220 a multiple of 30?
True
Is 8835 a multiple of 15?
True
Is 9548 a multiple of 62?
True
Is 16 a factor of 2906?
False
Does 214 divide 33061?
False
Is 8127 a multiple of 7?
True
Is 13 a factor of 273?
True
Does 2 divide 51?
False
Does 101 divide 2121?
True
Is 15 a factor of 45?
True
Does 41 divide 84173?
True
Is 243 a multiple of 9?
True
Is 9 a factor of 5267?
False
Does 108 divide 8675?
False
Is 91 a factor of 4459?
True
Is 22161 a multiple of 89?
True
Does 50 divide 44850?
True
Is 821 a multiple of 100?
False
Is 192 a multiple of 2?
True
Is 7 a factor of 7483?
True
Is 71476 a multiple of 82?
False
Is 6 a factor of 16212?
True
Does 3 divide 447?
True
Is 10682 a multiple of 98?
True
Does 19 divide 356?
False
Is 82 a multiple of 82?
True
Does 11 divide 7469?
True
Is 1632 a multiple of 32?
True
Does 64 divide 3545?
False
Is 20792 a multiple of 113?
True
Does 29 divide 1005?
False
Is 31269 a multiple of 14?
False
Is 1470 a multiple of 30?
True
Does 21 divide 4378?
False
Does 19 divide 548?
False
Is 170 a factor of 20060?
True
Is 34 a factor of 1360?
True
Is 33 a factor of 264?
True
Is 22 a factor of 14073?
False
Is 6 a factor of 34168?
False
Is 971 a multiple of 28?
False
Is 60 a factor of 2340?
True
Does 52 divide 8164?
True
Is 29246 a multiple of 14?
True
Is 6 a factor of 1317?
False
Does 248 divide 10673?
False
Is 2469 a multiple of 20?
False
Is 34901 a multiple of 13?
False
Is 15708 a multiple of 187?
True
Does 17 divide 1963?
False
Is 141 a multiple of 47?
True
Is 25350 a multiple of 65?
True
Is 51 a factor of 714?
True
Does 4 divide 85?
False
Is 85 a factor of 21526?
False
Is 18 a factor of 4207?
False
Does 18 divide 5675?
False
Is 79 a factor of 52851?
True
Is 164 a factor of 6396?
True
Is 28 a factor of 84?
True
Is 9045 a multiple of 27?
True
Does 231 divide 14112?
False
Is 347 a multiple of 21?
False
Is 47872 a multiple of 136?
True
Is 10 a factor of 51129?
False
Is 890 a multiple of 20?
False
Is 8478 a multiple of 18?
True
Is 403 a multiple of 34?
False
Is 5095 a multiple of 5?
True
Does 14 divide 45264?
False
Is 10 a factor of 4633?
False
Is 45 a factor of 990?
True
Is 23 a factor of 2389?
False
Does 11 divide 438?
False
Is 5727 a multiple of 58?
False
Is 25 a factor of 11782?
False
Does 19 divide 1140?
True
Is 174 a multiple of 14?
False
Does 19 divide 16178?
False
Is 41580 a multiple of 90?
True
Is 17 a factor of 609?
False
Does 19 divide 3395?
False
Does 5 divide 1385?
True
Does 6 divide 407?
False
Does 378 divide 17000?
False
Is 124 a multiple of 4?
True
Is 6670 a multiple of 53?
False
Does 26 divide 4290?
True
Is 923 a multiple of 71?
True
Does 34 divide 1032?
False
Does 45 divide 6501?
False
Is 4319 a multiple of 21?
False
Is 95 a factor of 2001?
False
Is 13 a factor of 43708?
False
Is 10080 a multiple of 84?
True
Is 104 even?
True
Does 32 divide 2228?
False
Is 3 a factor of 1333?
False
Is 3130 a multiple of 33?
False
Is 2012 a multiple of 9?
False
Is 16425 a multiple of 23?
False
Is 5884 a multiple of 110?
False
Is 10 a factor of 59721?
False
Does 37 divide 5795?
False
Is 620 a multiple of 24?
False
Is 18 a factor of 1644?
False
Is 60 a multiple of 4?
True
Is 13 a factor of 23114?
True
Does 2 divide 470?
True
Is 66 a factor of 1122?
True
Is 14 a factor of 636?
False
Is 33 a factor of 3630?
True
Is 80 a multiple of 10?
True
Is 98 a factor of 2067?
False
Does 5 divide 165?
True
Is 42 a factor of 4830?
True
Is 15288 a multiple of 56?
True
Is 978 a multiple of 163?
True
Is 54828 a multiple of 36?
True
Is 868 a multiple of 14?
True
Is 2248 a multiple of 27?
False
Does 55 divide 5561?
False
Is 10 a factor of 48200?
True
Is 179 a multiple of 10?
False
Is 4698 a multiple of 162?
True
Is 240 a multiple of 20?
True
Is 25 a factor of 1601?
False
Does 51 divide 4641?
True
Does 18 divide 2340?
True
Is 18 a factor of 3451?
False
Is 21079 a multiple of 266?
False
Does 6 divide 133?
False
Is 7 a factor of 10440?
False
Is 1215 a multiple of 94?
False
Does 363 divide 1452?
True
Does 26 divide 806?
True
Is 4 a factor of 3484?
True
Is 35 a factor of 4655?
True
Does 167 divide 1024?
False
Is 4608 a multiple of 12?
True
Is 54501 a multiple of 25?
False
Is 8350 a multiple of 50?
True
Does 17 divide 1232?
False
Is 144 a multiple of 3?
True
Is 20 a factor of 10082?
False
Is 21 a factor of 1848?
True
Is 33 a factor of 19724?
False
Is 24415 a multiple of 19?
True
Does 21 divide 50967?
True
Is 56 a factor of 1680?
True
Does 23 divide 100445?
False
Does 22 divide 8658?
False
Is 433 a multiple of 16?
False
Is 420 a multiple of 15?
True
Is 7 a factor of 9058?
True
Is 825 a multiple of 42?
False
Is 4731 a multiple of 44?
False
Is 133 a factor of 43378?
False
Is 438 a multiple of 2?
True
Is 895